er when 858 is divided by 298.
262
Calculate the remainder when 243660 is divided by 187.
186
What is the remainder when 3339 is divided by 834?
3
What is the remainder when 1887 is divided by 530?
297
What is the remainder when 19058 is divided by 6278?
224
What is the remainder when 10749 is divided by 468?
453
What is the remainder when 4940 is divided by 614?
28
What is the remainder when 55759 is divided by 40?
39
Calculate the remainder when 6176 is divided by 1213.
111
Calculate the remainder when 512603 is divided by 723.
719
What is the remainder when 2562 is divided by 2258?
304
What is the remainder when 2518 is divided by 1258?
2
What is the remainder when 46452 is divided by 2212?
0
Calculate the remainder when 55337 is divided by 145.
92
Calculate the remainder when 17863 is divided by 1117.
1108
Calculate the remainder when 4809 is divided by 17.
15
What is the remainder when 39764 is divided by 19873?
18
What is the remainder when 2909735 is divided by 72?
71
Calculate the remainder when 4869 is divided by 49.
18
What is the remainder when 26139 is divided by 304?
299
What is the remainder when 338177 is divided by 51?
47
What is the remainder when 5092 is divided by 1255?
72
What is the remainder when 378940 is divided by 1528?
1524
What is the remainder when 279316 is divided by 464?
452
Calculate the remainder when 20368 is divided by 182.
166
Calculate the remainder when 4228 is divided by 173.
76
What is the remainder when 2101 is divided by 688?
37
What is the remainder when 11763 is divided by 78?
63
Calculate the remainder when 3745 is divided by 925.
45
Calculate the remainder when 10355 is divided by 163.
86
Calculate the remainder when 27042 is divided by 92.
86
What is the remainder when 6717 is divided by 6702?
15
What is the remainder when 1224 is divided by 295?
44
Calculate the remainder when 12686 is divided by 453.
2
What is the remainder when 407591 is divided by 253?
8
What is the remainder when 782 is divided by 96?
14
What is the remainder when 30167 is divided by 5?
2
What is the remainder when 1204846 is divided by 108?
106
What is the remainder when 692 is divided by 672?
20
What is the remainder when 17383 is divided by 185?
178
What is the remainder when 31525 is divided by 722?
479
What is the remainder when 1865 is divided by 102?
29
What is the remainder when 6570 is divided by 1430?
850
What is the remainder when 6578 is divided by 1091?
32
What is the remainder when 43962 is divided by 676?
22
Calculate the remainder when 6171 is divided by 507.
87
What is the remainder when 13311 is divided by 1110?
1101
What is the remainder when 800270 is divided by 380?
370
What is the remainder when 64126 is divided by 167?
165
What is the remainder when 570 is divided by 80?
10
Calculate the remainder when 2424 is divided by 142.
10
Calculate the remainder when 7971 is divided by 208.
67
What is the remainder when 275395 is divided by 22?
21
What is the remainder when 32157 is divided by 18?
9
What is the remainder when 818205 is divided by 272735?
0
What is the remainder when 765818 is divided by 85090?
8
Calculate the remainder when 1496 is divided by 100.
96
What is the remainder when 346510 is divided by 289?
288
What is the remainder when 129254 is divided by 480?
134
Calculate the remainder when 37192 is divided by 8.
0
Calculate the remainder when 116607 is divided by 64.
63
What is the remainder when 2297 is divided by 847?
603
Calculate the remainder when 43160 is divided by 1199.
1195
Calculate the remainder when 255 is divided by 93.
69
What is the remainder when 4113 is divided by 141?
24
What is the remainder when 1497 is divided by 468?
93
Calculate the remainder when 468299 is divided by 227.
225
Calculate the remainder when 39554 is divided by 27.
26
What is the remainder when 969614 is divided by 37?
29
Calculate the remainder when 8034 is divided by 7.
5
What is the remainder when 213712 is divided by 31?
29
Calculate the remainder when 616 is divided by 311.
305
What is the remainder when 61321 is divided by 30640?
41
Calculate the remainder when 2627950 is divided by 875982.
4
What is the remainder when 3525 is divided by 793?
353
Calculate the remainder when 1306 is divided by 11.
8
Calculate the remainder when 464397 is divided by 2996.
17
Calculate the remainder when 2507 is divided by 314.
309
What is the remainder when 2295 is divided by 47?
39
What is the remainder when 33170 is divided by 349?
15
Calculate the remainder when 20548 is divided by 1853.
165
What is the remainder when 532234 is divided by 411?
400
What is the remainder when 3628 is divided by 11?
9
Calculate the remainder when 10824 is divided by 2161.
19
What is the remainder when 135272 is divided by 67621?
30
What is the remainder when 2451 is divided by 51?
3
What is the remainder when 1769 is divided by 52?
1
What is the remainder when 13390 is divided by 6693?
4
Calculate the remainder when 4113406 is divided by 128.
126
What is the remainder when 319541 is divided by 677?
674
Calculate the remainder when 690040 is divided by 167.
163
What is the remainder when 30648 is divided by 548?
508
Calculate the remainder when 9874 is divided by 380.
374
What is the remainder when 7667 is divided by 68?
51
What is the remainder when 31283 is divided by 230?
3
What is the remainder when 2449 is divided by 255?
154
Calculate the remainder when 176463 is divided by 538.
537
Calculate the remainder when 193299 is divided by 724.
715
Calculate the remainder when 28209 is divided by 28198.
11
Calculate the remainder when 230451 is divided by 27.
6
Calculate the remainder when 748517 is divided by 1975.
1967
What is the remainder when 2243 is divided by 1081?
81
Calculate the remainder when 40670 is divided by 8.
6
Calculate the remainder when 13869 is divided by 3466.
5
Calculate the remainder when 7589 is divided by 387.
236
What is the remainder when 27228 is divided by 6807?
0
What is the remainder when 14716 is divided by 443?
97
Calculate the remainder when 10726 is divided by 745.
296
What is the remainder when 14871 is divided by 35?
31
Calculate the remainder when 87214 is divided by 24.
22
Calculate the remainder when 6079 is divided by 29.
18
Calculate the remainder when 47799 is divided by 853.
31
What is the remainder when 200902 is divided by 311?
307
What is the remainder when 71081 is divided by 1128?
17
Calculate the remainder when 96846 is divided by 2934.
24
What is the remainder when 449250 is divided by 149749?
3
Calculate the remainder when 26531 is divided by 1159.
1033
What is the remainder when 20511 is divided by 6824?
39
Calculate the remainder when 13521 is divided by 3944.
1689
What is the remainder when 2519 is divided by 719?
362
What is the remainder when 44626 is divided by 8?
2
Calculate the remainder when 6560 is divided by 1222.
450
Calculate the remainder when 114431 is divided by 122.
117
What is the remainder when 17376 is divided by 1119?
591
What is the remainder when 611505 is divided by 14221?
2
Calculate the remainder when 679 is divided by 511.
168
What is the remainder when 29572 is divided by 175?
172
What is the remainder when 70854 is divided by 142?
138
What is the remainder when 86120 is divided by 158?
10
What is the remainder when 275935 is divided by 274?
17
Calculate the remainder when 9639 is divided by 4147.
1345
Calculate the remainder when 1377 is divided by 206.
141
Calculate the remainder when 5286 is divided by 377.
8
Calculate the remainder when 240661 is divided by 71.
42
What is the remainder when 1355 is divided by 609?
137
What is the remainder when 53762 is divided by 2336?
34
What is the remainder when 14825 is divided by 151?
27
What is the remainder when 2639 is divided by 332?
315
What is the remainder when 292687 is divided by 102?
49
Calculate the remainder when 14614 is divided by 20.
14
What is the remainder when 628 is divided by 228?
172
What is the remainder when 40684 is divided by 317?
108
What is the remainder when 829001 is divided by 22?
19
Calculate the remainder when 16605 is divided by 32.
29
Calculate the remainder when 8626 is divided by 335.
251
What is the remainder when 11278 is divided by 636?
466
Calculate the remainder when 3436 